Let n(q) = q**3 + 9*q**2 - 4*q - 3. Let b(w) = -w**3 + 56*w**2 - 30*w + 1672. Let z be b(56). What is n(z)?
93
Let f(p) = p**2 - 3*p - 16. Let v(a) = -2*a - 5. Let y(m) = f(m) + 5*v(m). Give y(17).
27
Let g(n) = -5*n + 5. Let v(o) = 3824*o + 1 + 11 + 3 - 3843*o. Let z(a) = 7*g(a) - 2*v(a). Give z(-4).
-7
Let b be 16/(-24)*(-149496)/16. Let c(f) = -1 - 6218*f - 2*f**2 + b*f - 3. Let h(d) = d**2 + 3*d + 3. Let o be h(-4). Give c(o).
-25
Let f(r) = 2 + r**2 - 6*r - 2. Let q be (10 - (-2 - -8)) + 2*1. Let g be (156/18 + -6)/(q/9). What is f(g)?
-8
Let r(n) = -1190 + 1189 - 21*n**2 + 13*n**2 - 2*n. Suppose t - 35 + 36 = 0. What is r(t)?
-7
Let o be (4/(-7))/(48/168). Let m be 4 - (o + -1) - 2. Let p(q) = 1 + 0 - q + 3. Calculate p(m).
-1
Suppose -5*s + 12 = 4*k, 0*s + 2*s + 12 = 4*k. Let n(r) = 1 - 6*r - k + 2*r. Suppose -4*p - 15 = -23. Calculate n(p).
-10
Suppose -2*y + 55 = 5*t, 2*t - 4*y + 1 + 1 = 0. Let g(p) = 61811*p - 8 - 30907*p + 14 - p**3 - 30905*p + 9*p**2. Determine g(t).
-3
Let m(j) = 6*j**2 - 3*j. Suppose 5*g = -3*o - 711, 7*o - g = 5*o - 487. Let b = o - -244. Give m(b).
18
Let n(o) = o**2 + 4*o. Let c be (-14 - (-5)/5)*-9. Suppose 0 = -3*j, -c - 39 = -2*g + 5*j. Let l = -84 + g. Calculate n(l).
12
Suppose 14*x - 12 = 16. Let c(a) = 3*a**3 + 3*a - 38*a**2 + 21*a**2 + 23*a**x. Determine c(-2).
-6
Let l(p) be the first derivative of -2*p**3/3 + 17*p**2 + 14*p - 11313. Calculate l(17).
14
Let n(f) = -f**3 + 3*f**2 + f - 4. Let u = 10 + -70. Let y = u + 63. What is n(y)?
-1
Let d(l) be the third derivative of -l**5/60 + l**4/3 - l**3/2 - l**2. Suppose 3*i - i = -5*p + 123, 5*p - 25 = 0. Let t = -41 + i. Calculate d(t).
-3
Suppose 117*l = 102*l - 45. Let b(g) = -g - 4. What is b(l)?
-1
Let m(v) = -15*v - 15. Let a = -4819 - -4818. Calculate m(a).
0
Let j = -137 + 147. Let t(f) = 0*f**2 + 9*f + 44 - 37 - f**2. Determine t(j).
-3
Let g be -5 + 2*1/(-2). Let z(y) be the first derivative of -3*y**2 - 42 - 4*y - 1/3*y**3. Determine z(g).
-4
Let w(q) = -q**2 + 6*q + 613. Let y be w(-22). Let d(o) = -1 - 4*o + 3 - 2. Calculate d(y).
12
Let m(i) = 22 - 27*i - 14 - i**3 - 14*i**3 - 13*i**2 - 84 + 14*i**3. Calculate m(-11).
-21
Let m(v) = -v**2 - v + 6. Let k be m(0). Suppose 4*h - 64 = 2*d - h, 0 = 3*h - k. Let t = d + 23. Let x(u) = -u**2 - 4*u - 6. Calculate x(t).
-6
Suppose 8 = -13*j + 5*j. Let b(h) = -h**2 - 3*h + 1. Let p(q) = 4*q**2 + 3*q - 3. Let r(a) = j*p(a) - 3*b(a). Give r(6).
0
Let w(b) = -5*b**2 + b - 7. Let x be 1*9/(441/(-28))*-7. Give w(x).
-83
Let w(n) = n**2 + 6*n - 2. Let d be -3 - (4 + -4 + 7). Let c(r) = r**2 + 10*r + 4. Let p be c(d). Let q(a) = a**2 - 3*a - 9. Let m be q(p). What is w(m)?
-7
Suppose -933 = -4*i - 217. Let z(f) = 89 + 4*f + 90 - i. Determine z(7).
28
Let b(i) be the first derivative of -11*i**4/4 + i**3/3 - i**2 + i + 9. Let q(c) = -2*c**2 - c. Let d be q(2). Let y be d/20 - 3/2*-1. What is b(y)?
-11
Let l be 2 - (-897)/(-360) - -7*(-2)/(-28). Let c(s) be the third derivative of -1/6*s**3 + 11 - 2*s**2 + 0*s + 5/12*s**4 + l*s**6 - 2/15*s**5. What is c(7)?
20
Suppose -2 = 2*o - 0*o + 4*n, 2*o + 2 = 2*n. Let c(y) = -y. Let w(s) = 7*s - 2. Let r(u) = o*w(u) - 6*c(u). Let b = -180 - -185. What is r(b)?
-3
Let g = -12 + 15. Suppose 12 = g*w + 42. Let u(l) = -19*l**2 - 4*l + 7. Let h(p) = 41*p**2 + 7*p - 15. Let c(v) = 6*h(v) + 13*u(v). Determine c(w).
1
Let v = 15 - 13. Let n(g) = 7 - g**3 + 1395*g**2 - 1393*g**2 - 9 - g. Determine n(v).
-4
Let z = 1120 - 1123. Let j(v) = -2*v**2 + 3 + 834*v + v**3 - 835*v - 2*v**3. Determine j(z).
15
Let u(r) be the second derivative of 9*r**5/4 - r**3/3 + r**2/2 + 3125*r. What is u(1)?
44
Let y(u) = -3*u - 2. Let b be ((-1)/((-2)/4))/(118/177). Suppose 28 = -4*h + 4*l, -22 = b*h - 4*l + 4. Give y(h).
4
Suppose 21*k - 17*k + o - 13 = 0, -5*k = -o - 14. Suppose -5 - 1 = -2*q. Let b(d) = -5*d + 4 + q*d - 3*d + k*d. Give b(3).
-2
Let j(k) = 32 - 9 + 5*k - 8 + 50 - 8. What is j(-13)?
-8
Let p(m) = -10*m + 15. Suppose -3*y - 211 = 78*y - 49. Determine p(y).
35
Let p(m) = -32*m + 31. Let k(d) = -d**2 - 56*d + 61. Let j(o) = -2*k(o) + 5*p(o). Determine j(23).
-13
Let b(d) = 2*d. Let j(c) = 15*c + 23. Let q(k) = -6*b(k) + j(k). Suppose -10*a + 169 = 269. Determine q(a).
-7
Suppose 2*b = 6*u - 8*u + 34, 3*u - 83 = 5*b. Let w(i) = i + 6 - u + 4 + 21. Suppose 0*o + 5*o = 35. Give w(o).
17
Let m(z) = -4*z + 17. Let q be m(5). Let x(k) = k**2 + 3. Let n(r) = 2*r**2 + r + 4. Let j(p) = q*x(p) + 2*n(p). Calculate j(-3).
2
Let s(h) = -9*h - 11. Let n be s(-2). Let j(l) = -2*l + 4*l**3 - 4*l**2 - 2 - n*l**3 + 2*l**3 + l. Determine j(-4).
2
Let q(v) = -v**3 - 2 - 4*v**3 + 6*v**3 - 2*v**3 + 7*v - 4*v**2. Let z(m) = -41*m - 866. Let p be z(-21). What is q(p)?
-12
Let x(l) be the third derivative of l**5/60 - l**4/4 - l**3/6 - l**2 + 7367*l. Let w be (-28)/(-5) + (-4)/(-10). Give x(w).
-1
Let z(x) = -22*x - 13. Let g = 62 + -63. Determine z(g).
9
Let j(p) = 7 - 3*p**3 + 193*p + 4*p**3 - 378*p + 6*p**2 + 189*p. Determine j(-5).
12
Let b(c) = -c**3 + 8*c**2 - 11*c - 4. Suppose 5*x = 10, 5*u - 144*x - 14 = -141*x. Give b(u).
16
Let c(u) = 7*u**2 - 7*u + 26. Let v be c(8). Let x = 411 - v. Let w(b) = 2*b - 8. Give w(x).
-22
Let m(v) = 4*v + 28. Let n be 0 - 2/(-4) - 6/((-12)/(-25)). What is m(n)?
-20
Let x(t) = 23 - 6608*t**2 - 6611*t**2 + 13*t + 13223*t**2. Determine x(-2).
13
Let p(h) = 3*h**2 - 3*h - 9. Let q(w) = -17*w**2 + 49*w + 7. Let v(a) = 8*a**2 - 23*a - 4. Let j(d) = 6*q(d) + 13*v(d). Let o(k) = 4*j(k) - 3*p(k). Give o(-10).
-3
Let z(u) = 5*u**2 + u + 3. Let y(r) be the second derivative of -r**3/6 - r**2 - 5*r + 9. Let m(k) = -y(k) - z(k). Determine m(1).
-6
Let s = 199407 - 199412. Let u(z) = -1. Let a(n) = -n**2 - 7*n + 8. Let f(t) = a(t) + 5*u(t). Determine f(s).
13
Let g(x) be the third derivative of -2*x**2 + 0 + 1/24*x**4 + 0*x**3 + 0*x. Let l(s) = s**3 - 30*s**2 + 55*s + 32. Let d be l(28). Calculate g(d).
4
Let s be 3 - (56/(-12) + 530/(-159)). Let w(n) be the second derivative of -n**4/12 + 11*n**3/6 - 8*n**2 - n. Calculate w(s).
-16
Let g(y) be the first derivative of y**4/4 - 5*y**3/3 + y**2/2 + y + 1. Let a be (-3)/(38 - 65) + (-35)/(-9). Give g(a).
-11
Let w(l) = 11*l**2 + 10*l + 21. Let g(m) = -28*m**2 - 24*m - 43. Let p(u) = 2*g(u) + 5*w(u). Determine p(-3).
4
Let z(a) = 3*a**2 + 2*a - 23. Suppose 45*x + 25*x = 0. Give z(x).
-23
Let p(q) = -q - 16. Suppose -4*w + 18 = 67*m - 64*m, -2*w = 5*m - 2. Give p(m).
-14
Let y(r) = -3*r**2 + r + 2*r**2 - 6 + 0*r - 5*r. Let d be (-5)/(2/(-8)*2). Suppose d = 7*a + 45. Give y(a).
-11
Let r(f) = -3*f - 2. Let u be r(-2). Suppose -2*a - 4*w + 2 + 18 = 0, -5*w = -5*a - 25. Let d(b) = 3 + b + a*b**2 - 10*b + b**2 + u. What is d(8)?
-1
Suppose 0*k + 2*k = -18. Let t(i) = -3*i**2 - 11*i + 132. Let o(q) = 4*q**2 + 13*q - 191. Let m(f) = 2*o(f) + 3*t(f). Give m(k).
-4
Let k(i) = -i**3 + 4*i**2 - i - 3. Suppose p + 5*d = 17, 18 = 3*p - 0*p + 4*d. Suppose f + 5*w - 5 = -p, 0 = -w. Give k(f).
3
Let f = 92 + -75. Suppose -89 + f = 8*b. Let d be (2/1)/(b/(-189)*7). Let a(z) = z**2 - 4*z - 2. Calculate a(d).
10
Suppose -3*r + 5 = 6*d - d, -5*r + 4 = 4*d. Let q(y) = 2 + 242*y - d - 243*y + 0. Suppose 4 = 2*h, 5*b = 5*h - 2 - 28. Determine q(b).
5
Let t = 243/106 + -95/53. Let p(f) be the first derivative of -t*f**2 + 0*f + 4/3*f**3 + 27. Determine p(-1).
5
Suppose -3*i = -3 - 0, 3*c + 82 = -5*i. Let q = 35 + c. Let w(a) = -a**2 + 5*a + 2. Calculate w(q).
-4
Let i(c) = 20*c + 2. Let a be i(2). Suppose a = 9*o + 5*o. Let l(f) = f**3 - 2*f**2 - 3*f + 4. Give l(o).
4
Let k(b) be the second derivative of -b**4/12 - 5*b**3/6 + 15*b**2/2 + 12*b + 29. Give k(-7).
1
Let c(x) = x - 12. Let r = 154 - 301. Let t = r - -250. Suppose 5 + t = 12*w. Determine c(w).
-3
Let z(g) = 526*g - 25 - 1079*g + 548*g. Determine z(-7).
10
Let n be (91/52)/((-1)/(-4)). Let j(l) be the third derivative of l**4/24 - 10*l**2 - 33. Calculate j(n).
7
Let r(a) be the second derivative of 4/3*a**3 + 2*a + 0*a**2 - 10. What is r(4)?
32
Let z(k) = 10*k + 13. Let v = 1828 - 1832. Calculate z(v).
-27
Let g(n) = 14 + 2*n - 2 - 9. Let h(l) = -l**3 - 10*l**2 + 25*l + 9. Let q be h(-12). Calculate g(q).
-3
Let i(y) = -2*y**2 - 2*y - 1. Let n(r) = -9*r**2 - 12*r + 5. Let s(x) = -4*i(x) + n(x). 